{"id":66,"date":"2024-03-26T12:02:32","date_gmt":"2024-03-26T11:02:32","guid":{"rendered":"https:\/\/zuefle.info\/firma2\/?page_id=66"},"modified":"2024-03-26T12:02:32","modified_gmt":"2024-03-26T11:02:32","slug":"engineering","status":"publish","type":"page","link":"https:\/\/www.zett-engineering.com\/index.php\/engineering\/","title":{"rendered":"Engineering"},"content":{"rendered":"\n<div class=\"wp-block-columns is-layout-flex wp-container-core-columns-is-layout-9d6595d7 wp-block-columns-is-layout-flex\">\n<div class=\"wp-block-column is-layout-flow wp-block-column-is-layout-flow\" style=\"flex-basis:66.66%\">\n<h4 class=\"wp-block-heading has-black-color has-text-color has-link-color wp-elements-ddd5108f3b6d064882329ad5f0a20be6\">Retrofit RC6 &#8211; Die neue Steuerung f\u00fcr Ihre Spritzgie\u00dfmaschine<\/h4>\n\n\n\n<p>Maschinen, die schon einige Jahre im Einsatz sind, k\u00f6nnen oft mit wenig Aufwand modernisiert werden. Auch sind Umbauten der Anlagen mit dem Fokus auf neue, ge\u00e4nderte Produktionsanforderungen oft wesentlich kosteng\u00fcnstiger, als der Kauf einer Neumaschine!<br>Steuerungs-Innovationen bringen eine F\u00fclle von wirtschaftlichen und technologischen Vorteilen. Diese ergeben sich in erster Linie aus einer Steigerung der Zuverl\u00e4ssigkeit und Maschinenverf\u00fcgbarkeit, einer Produktivit\u00e4tssteigerung durch Reduktion der Stillstandzeiten sowie dem Erreichen k\u00fcrzerer Zykluszeiten. Durch den Einsatz von State-of-the-Art-Technologie wird einfachste Bedienbarkeit gew\u00e4hrleistet.<br>Durch eine gezielte Umr\u00fcstung setzen wir die Aufwertung der Maschinen ma\u00dfgeschneidert auf Ihre Bed\u00fcrfnisse hin um. Die  Kooperation mit namhaften Steuerungsherstellern erm\u00f6glicht es uns, eine zukunftssichere, bedienerfreundliche moderne Steuerung zu integrieren. Damit k\u00f6nnen auch f\u00fcr \u00e4ltere Maschinen die zunehmend geforderten Komponenten wie Qualit\u00e4ts\u00fcberwachung, Fertigungstransparenz und Dokumentation realisiert werden. Gleichzeitig k\u00f6nnen durch ein neue Steuerung Marktengp\u00e4sse bei der Beschaffung von Elektronikkomponenten und die Ersatzteilversorgung Ihrer Maschine auch f\u00fcr die Zukunft gesichert werden.<\/p>\n<\/div>\n\n\n\n<div class=\"wp-block-column is-layout-flow wp-block-column-is-layout-flow\" style=\"flex-basis:33.33%\"><div class=\"wp-block-image\">\n<figure class=\"aligncenter size-full is-resized\"><img loading=\"lazy\" decoding=\"async\" width=\"400\" height=\"500\" src=\"https:\/\/zuefle.info\/firma2\/wp-content\/uploads\/2024\/03\/cp_TP1500.png\" alt=\"\" class=\"wp-image-24\" style=\"width:350px\" srcset=\"https:\/\/www.zett-engineering.com\/wp-content\/uploads\/2024\/03\/cp_TP1500.png 400w, https:\/\/www.zett-engineering.com\/wp-content\/uploads\/2024\/03\/cp_TP1500-240x300.png 240w\" sizes=\"auto, (max-width: 400px) 100vw, 400px\" \/><\/figure>\n<\/div><\/div>\n<\/div>\n\n\n\n<div class=\"wp-block-columns is-layout-flex wp-container-core-columns-is-layout-9d6595d7 wp-block-columns-is-layout-flex\">\n<div class=\"wp-block-column is-layout-flow wp-block-column-is-layout-flow\" style=\"flex-basis:66.66%\">\n<h4 class=\"wp-block-heading\">Polystopfer BCS 7x &#8211; Zuf\u00fchrsystem f\u00fcr Polyestermaterial<\/h4>\n\n\n\n<p>Unsere Polyesterstopfvorrichtung BCS 7x unterst\u00fctzt sie bei der Verarbeitung von Feuchtpolyester indem es die Austrocknung des Materials w\u00e4hrend der Verarbeitung verhindert und den Einfluss von Scherkr\u00e4ften auf das Material, vor der Plastifizierung, minimiert. Der Stopfer unterst\u00fctzt dabei die Zuf\u00fchrung mit fest vorgegebenen Dr\u00fccken oder auch individuell geregelt. Die Versorgung des Systems mit Hydraulik und Steuerung kann entweder durch beigestellte Aggregate oder auch durch eine vollst\u00e4ndige Integrierung in Ihre Maschine sichergestellt werden. <\/p>\n<\/div>\n\n\n\n<div class=\"wp-block-column is-layout-flow wp-block-column-is-layout-flow\" style=\"flex-basis:33.33%\">\n<figure class=\"wp-block-image size-large is-resized\"><img loading=\"lazy\" decoding=\"async\" width=\"565\" height=\"1024\" src=\"https:\/\/zuefle.info\/firma2\/wp-content\/uploads\/2024\/03\/poly-565x1024.png\" alt=\"\" class=\"wp-image-23\" style=\"width:276px\" srcset=\"https:\/\/www.zett-engineering.com\/wp-content\/uploads\/2024\/03\/poly-565x1024.png 565w, https:\/\/www.zett-engineering.com\/wp-content\/uploads\/2024\/03\/poly-165x300.png 165w, https:\/\/www.zett-engineering.com\/wp-content\/uploads\/2024\/03\/poly.png 600w\" sizes=\"auto, (max-width: 565px) 100vw, 565px\" \/><\/figure>\n<\/div>\n<\/div>\n\n\n\n<div class=\"wp-block-columns is-layout-flex wp-container-core-columns-is-layout-9d6595d7 wp-block-columns-is-layout-flex\">\n<div class=\"wp-block-column is-layout-flow wp-block-column-is-layout-flow\" style=\"flex-basis:66.66%\">\n<h4 class=\"wp-block-heading\">Spritzaggregat S880\/S1800<\/h4>\n\n\n\n<p>Unsere Leistungsf\u00e4higen Spritzaggregate sind perfekt ger\u00fcstet f\u00fcr heutige und zuk\u00fcnftige Anforderungen in der Spritzgusstechnik.<\/p>\n<\/div>\n\n\n\n<div class=\"wp-block-column is-layout-flow wp-block-column-is-layout-flow\" style=\"flex-basis:33.33%\"><div class=\"wp-block-image\">\n<figure class=\"aligncenter size-full is-resized\"><img loading=\"lazy\" decoding=\"async\" width=\"1000\" height=\"667\" src=\"https:\/\/zuefle.info\/firma2\/wp-content\/uploads\/2024\/03\/S880.png\" alt=\"\" class=\"wp-image-21\" style=\"width:350px\" srcset=\"https:\/\/www.zett-engineering.com\/wp-content\/uploads\/2024\/03\/S880.png 1000w, https:\/\/www.zett-engineering.com\/wp-content\/uploads\/2024\/03\/S880-300x200.png 300w, https:\/\/www.zett-engineering.com\/wp-content\/uploads\/2024\/03\/S880-768x512.png 768w\" sizes=\"auto, (max-width: 1000px) 100vw, 1000px\" \/><\/figure>\n<\/div><\/div>\n<\/div>\n\n\n\n<div class=\"wp-block-columns is-layout-flex wp-container-core-columns-is-layout-9d6595d7 wp-block-columns-is-layout-flex\">\n<div class=\"wp-block-column is-layout-flow wp-block-column-is-layout-flow\" style=\"flex-basis:66.66%\">\n<h4 class=\"wp-block-heading\">Bediensysteme Extension Unit f\u00fcr Siemens Industrie-PC<\/h4>\n\n\n\n<p>Auf Basis von Siemens Extension Units fertigen wir f\u00fcr unsere Kunden individuelle Bedienelemente f\u00fcr Steuerungssysteme. Hier haben Sie die M\u00f6glichkeit Ihre Komponente individuell mit uns zu konfigurieren und anschlie\u00dfend fertig montiert geliefert zu bekommen. Die Extension Units erlauben dabei den Einbau von Tastern, Schnittstellen und RFID-Erkennungssystemen.<\/p>\n<\/div>\n\n\n\n<div class=\"wp-block-column is-layout-flow wp-block-column-is-layout-flow\" style=\"flex-basis:33.33%\"><div class=\"wp-block-image\">\n<figure class=\"aligncenter size-large is-resized\"><img loading=\"lazy\" decoding=\"async\" width=\"1024\" height=\"296\" src=\"https:\/\/zuefle.info\/firma2\/wp-content\/uploads\/2024\/03\/Extension-Unit-1024x296.png\" alt=\"\" class=\"wp-image-20\" style=\"width:400px\" srcset=\"https:\/\/www.zett-engineering.com\/wp-content\/uploads\/2024\/03\/Extension-Unit-1024x296.png 1024w, https:\/\/www.zett-engineering.com\/wp-content\/uploads\/2024\/03\/Extension-Unit-300x87.png 300w, https:\/\/www.zett-engineering.com\/wp-content\/uploads\/2024\/03\/Extension-Unit-768x222.png 768w, https:\/\/www.zett-engineering.com\/wp-content\/uploads\/2024\/03\/Extension-Unit-1536x443.png 1536w, https:\/\/www.zett-engineering.com\/wp-content\/uploads\/2024\/03\/Extension-Unit.png 1781w\" sizes=\"auto, (max-width: 1024px) 100vw, 1024px\" \/><\/figure>\n<\/div><\/div>\n<\/div>\n\n\n\n<div class=\"wp-block-columns is-layout-flex wp-container-core-columns-is-layout-9d6595d7 wp-block-columns-is-layout-flex\">\n<div class=\"wp-block-column is-layout-flow wp-block-column-is-layout-flow\" style=\"flex-basis:66.66%\">\n<h4 class=\"wp-block-heading\">Individuelle Anbindungen f\u00fcr Steuerungssysteme<\/h4>\n\n\n\n<p>Durch unsere Partner im Bereich Metallbau sowie Elektrotechnik k\u00f6nnen wir Individuelle Anbindungen f\u00fcr Steuerungen realisieren und in verschiedenen St\u00fcckzahlen fertigen. Wir k\u00f6nnen Ihnen speziell f\u00fcr Ihre Anforderungen ma\u00dfgeschneiderte L\u00f6sungen bieten, von der Konzeption und Dokumentation \u00fcber die Fertigung bis hin zu einem komplett einbaufertigen System, inklusive Verschraubungen und Verkabelung.<\/p>\n<\/div>\n\n\n\n<div class=\"wp-block-column is-layout-flow wp-block-column-is-layout-flow\" style=\"flex-basis:33.33%\"><div class=\"wp-block-image\">\n<figure class=\"aligncenter size-large is-resized\"><img loading=\"lazy\" decoding=\"async\" width=\"1024\" height=\"752\" src=\"https:\/\/zuefle.info\/firma2\/wp-content\/uploads\/2024\/03\/Siemens_IPC477_back-1024x752.png\" alt=\"\" class=\"wp-image-22\" style=\"width:400px\" srcset=\"https:\/\/www.zett-engineering.com\/wp-content\/uploads\/2024\/03\/Siemens_IPC477_back-1024x752.png 1024w, https:\/\/www.zett-engineering.com\/wp-content\/uploads\/2024\/03\/Siemens_IPC477_back-300x220.png 300w, https:\/\/www.zett-engineering.com\/wp-content\/uploads\/2024\/03\/Siemens_IPC477_back-768x564.png 768w, https:\/\/www.zett-engineering.com\/wp-content\/uploads\/2024\/03\/Siemens_IPC477_back-1536x1128.png 1536w, https:\/\/www.zett-engineering.com\/wp-content\/uploads\/2024\/03\/Siemens_IPC477_back-2048x1504.png 2048w\" sizes=\"auto, (max-width: 1024px) 100vw, 1024px\" \/><\/figure>\n<\/div><\/div>\n<\/div>\n","protected":false},"excerpt":{"rendered":"<p>Retrofit RC6 &#8211; Die neue Steuerung f\u00fcr Ihre Spritzgie\u00dfmaschine Maschinen, die schon einige Jahre im Einsatz sind, k\u00f6nnen oft mit wenig Aufwand modernisiert werden. Auch sind Umbauten der Anlagen mit dem Fokus auf neue, ge\u00e4nderte Produktionsanforderungen oft wesentlich kosteng\u00fcnstiger, als der Kauf einer Neumaschine!Steuerungs-Innovationen bringen eine F\u00fclle von wirtschaftlichen und technologischen Vorteilen. Diese ergeben sich in erster Linie aus einer Steigerung der Zuverl\u00e4ssigkeit und Maschinenverf\u00fcgbarkeit, einer Produktivit\u00e4tssteigerung durch Reduktion der Stillstandzeiten sowie dem Erreichen k\u00fcrzerer Zykluszeiten. Durch den Einsatz von State-of-the-Art-Technologie wird einfachste Bedienbarkeit gew\u00e4hrleistet.Durch eine gezielte Umr\u00fcstung setzen wir die Aufwertung der Maschinen ma\u00dfgeschneidert auf Ihre Bed\u00fcrfnisse hin um. Die Kooperation mit namhaften Steuerungsherstellern erm\u00f6glicht es uns, eine zukunftssichere, bedienerfreundliche moderne Steuerung zu integrieren. Damit k\u00f6nnen auch f\u00fcr \u00e4ltere Maschinen die zunehmend geforderten Komponenten wie Qualit\u00e4ts\u00fcberwachung, Fertigungstransparenz und Dokumentation realisiert werden. Gleichzeitig k\u00f6nnen durch ein neue Steuerung Marktengp\u00e4sse bei der Beschaffung von Elektronikkomponenten und die Ersatzteilversorgung Ihrer Maschine auch f\u00fcr die Zukunft gesichert werden. Polystopfer BCS 7x &#8211; Zuf\u00fchrsystem f\u00fcr Polyestermaterial Unsere Polyesterstopfvorrichtung BCS 7x unterst\u00fctzt sie bei der Verarbeitung von Feuchtpolyester indem es die Austrocknung des Materials w\u00e4hrend der Verarbeitung verhindert und den Einfluss von Scherkr\u00e4ften auf das Material, vor der Plastifizierung, minimiert. Der Stopfer unterst\u00fctzt dabei die [&hellip;]<\/p>\n","protected":false},"author":1,"featured_media":0,"parent":0,"menu_order":0,"comment_status":"closed","ping_status":"closed","template":"","meta":{"footnotes":""},"class_list":["post-66","page","type-page","status-publish","hentry"],"jetpack_sharing_enabled":true,"_links":{"self":[{"href":"https:\/\/www.zett-engineering.com\/index.php\/wp-json\/wp\/v2\/pages\/66","targetHints":{"allow":["GET"]}}],"collection":[{"href":"https:\/\/www.zett-engineering.com\/index.php\/wp-json\/wp\/v2\/pages"}],"about":[{"href":"https:\/\/www.zett-engineering.com\/index.php\/wp-json\/wp\/v2\/types\/page"}],"author":[{"embeddable":true,"href":"https:\/\/www.zett-engineering.com\/index.php\/wp-json\/wp\/v2\/users\/1"}],"replies":[{"embeddable":true,"href":"https:\/\/www.zett-engineering.com\/index.php\/wp-json\/wp\/v2\/comments?post=66"}],"version-history":[{"count":1,"href":"https:\/\/www.zett-engineering.com\/index.php\/wp-json\/wp\/v2\/pages\/66\/revisions"}],"predecessor-version":[{"id":67,"href":"https:\/\/www.zett-engineering.com\/index.php\/wp-json\/wp\/v2\/pages\/66\/revisions\/67"}],"wp:attachment":[{"href":"https:\/\/www.zett-engineering.com\/index.php\/wp-json\/wp\/v2\/media?parent=66"}],"curies":[{"name":"wp","href":"https:\/\/api.w.org\/{rel}","templated":true}]}}